e 7) to base 5
2144
What is 571 (base 10) in base 13?
34c
Convert 32342 (base 5) to base 12.
1352
What is -4742 (base 9) in base 5?
-103041
Convert -2161 (base 7) to base 6.
-3334
What is 974 (base 10) in base 11?
806
What is 113231 (base 6) in base 2?
10011001010011
What is ceb (base 15) in base 7?
11342
What is 55767 (base 11) in base 10?
80780
-74a1 (base 13) to base 2
-11111100111010
349a6 (base 11) to base 4
30110110
-39a (base 11) to base 14
-25a
1110201110 (base 3) to base 15
88a6
Convert -115245 (base 6) to base 4.
-2200031
110101100 (base 2) to base 3
120212
3001 (base 4) to base 6
521
What is 5aaa (base 12) in base 11?
7742
1141 (base 14) to base 11
2285
-365 (base 8) to base 5
-1440
-10ab (base 12) to base 11
-1440
What is -21102222 (base 3) in base 4?
-1110302
What is -c04 (base 14) in base 9?
-3207
What is -8251 (base 10) in base 13?
-39a9
What is -6508 (base 10) in base 6?
-50044
779 (base 13) to base 15
5a8
-3 (base 11) to base 2
-11
What is -234 (base 6) in base 5?
-334
Convert ac (base 14) to base 3.
12122
What is 1068 (base 9) in base 7?
2210
-774 (base 10) to base 8
-1406
What is -3b2 (base 12) in base 7?
-1436
Convert 1133120 (base 4) to base 14.
2320
-380a (base 11) to base 14
-1b51
-52a2 (base 12) to base 5
-242200
e0b (base 15) to base 6
22345
Convert 48e (base 16) to base 14.
5d4
What is b6 (base 16) in base 11?
156
Convert 41107 (base 10) to base 7.
230563
Convert -240 (base 8) to base 6.
-424
-3d1 (base 14) to base 8
-1403
What is 2515 (base 6) in base 12?
43b
2352 (base 6) to base 3
210012
-b9e (base 15) to base 10
-2624
What is -5888 (base 14) in base 12?
-8b00
1434 (base 6) to base 2
101111110
372c (base 16) to base 11
a680
2001200 (base 3) to base 7
4245
What is -18c6 (base 13) in base 15?
-1176
701 (base 13) to base 15
53e
What is -1110100100000 (base 2) in base 8?
-16440
What is 12131 (base 6) in base 7?
5125
2417 (base 10) to base 14
c49
What is b96 (base 13) in base 6?
13102
Convert 3303 (base 4) to base 13.
159
Convert 2458c (base 14) to base 5.
10321122
-1221 (base 4) to base 8
-151
266 (base 8) to base 4
2312
Convert -345 (base 16) to base 7.
-2304
What is -7216 (base 8) in base 3?
-12010000
What is -137 (base 9) in base 15?
-7a
What is -1550 (base 8) in base 11?
-723
What is -11100001 (base 2) in base 7?
-441
-35b8 (base 14) to base 9
-13765
822 (base 13) to base 6
10220
-11012101 (base 3) to base 14
-1189
What is 11100201020 (base 3) in base 15?
1a65c
Convert -3773 (base 8) to base 7.
-5646
What is -9153 (base 11) in base 15?
-3908
What is 23747 (base 11) in base 3?
1201212200
What is -2d2 (base 14) in base 13?
-354
Convert 110023 (base 6) to base 2.
10001101111111
Convert -24605 (base 8) to base 4.
-2212011
-2100122 (base 3) to base 14
-8aa
Convert -32303303 (base 4) to base 16.
-ecf3
What is 130264 (base 7) in base 10?
24154
What is -312312 (base 4) in base 6?
-24130
-65 (base 10) to base 12
-55
What is 122203 (base 4) in base 13?
a09
-27 (base 9) to base 15
-1a
-304014 (base 5) to base 16
-269c
What is -153010 (base 6) in base 7?
-61320
Convert -3db6 (base 14) to base 8.
-25274
-101011010010000 (base 2) to base 5
-1202120
Convert 28b1 (base 12) to base 3.
20111121
Convert 703 (base 14) to base 2.
10101011111
What is -127 (base 14) in base 15?
-106
Convert -32686 (base 11) to base 10.
-47405
What is -2032 (base 11) in base 3?
-10200220
Convert -564 (base 8) to base 9.
-453
What is -42111 (base 5) in base 6?
-20513
Convert -1200 (base 8) to base 6.
-2544
What is -17046 (base 8) in base 12?
-4572
Convert 10100000110101 (base 2) to base 9.
15106
What is -121222 (base 3) in base 13?
-293
What is -11210211 (base 3) in base 7?
-13135
What is -2412 (base 7) in base 8?
-1573
What is -1b3c (base 16) in base 11?
-5269
What is 129 (base 10) in base 7?
243
Convert -121056 (base 8) to base 2.
-1010001000101110
219c (base 16) to base 11
6512
10405 (base 9) to base 5
210030
What is -331 (base 14) in base 16?
-277
-efda (base 16) to base 14
-1853c
What is -274 (base 9) in base 6?
-1021
Convert 1421211 (base 5) to base 13.
105b7
Convert -20311 (base 5) to base 7.
-3611
Convert 142414 (base 6) to base 2.
11010011101010
Convert -162 (base 10) to base 4.
-2202
What is 1000111110 (base 2) in base 9?
707
Convert -544b (base 13) to base 14.
-43b6
What is 2507 (base 11) in base 10?
3274
Convert 237a (base 15) to base 2.
1110101110100
What is 1001211 (base 3) in base 13?
47b
-2156 (base 10) to base 14
-b00
-23201 (base 5) to base 16
-68c
Convert -856 (base 13) to base 4.
-112033
Convert -4605 (base 10) to base 6.
-33153
4321 (base 7) to base 14
7b8
-3724 (base 9) to base 3
-10210211
What is -500 (base 9) in base 14?
-20d
Convert -110011101 (base 2) to base 16.
-19d
What is 773 (base 8) in base 14?
283
Convert -1004 (base 8) to base 4.
-20010
825 (base 11) to base 10
995
Convert -10032312 (base 5) to base 10.
-80332
Convert -7369 (base 10) to base 11.
-559a
-3133022 (base 4) to base 10
-14282
What is 14b5 (base 15) in base 4?
1011131
What is 8f72 (base 16) in base 5?
2133342
2241113 (base 5) to base 2
1001110011011110
-110110011 (base 3) to base 14
-3444
Convert -1011001111000 (base 2) to base 5.
-141002
What is -271 (base 9) in base 2?
-11100010
Convert 10110100100001100 (base 2) to base 8.
264414
-442231 (base 5) to base 16
-3bd4
Convert 621 (base 15) to base 14.
709
-44040 (base 6) to base 15
-1bec
Convert 6 (base 15) to base 10.
6
2062c (base 13) to base 9
87717
Convert 525 (base 9) to base 3.
120212
-11333 (base 11) to base 10
-16371
Convert 32 (base 6) to base 7.
26
-2211220 (base 3) to base 8
-4034
What is -1220211 (base 3) in base 9?
-1824
1235 (base 9) to base 11
76a
What is 100301 (base 4) in base 16?
431
What is 580 (base 12) in base 15?
396
Convert -258 (base 11) to base 6.
-1225
-5613 (base 8) to base 3
-11001110
What is 75 (base 14) in base 8?
147
26713 (base 11) to base 10
38129
Convert 4205 (base 12) to base 8.
16045
101101202 (base 3) to base 14
2a96
Convert -201233 (base 4) to base 9.
-2858
-17196 (base 11) to base 16
-5e78
What is 10011 (base 7) in base 4?
211221
212102 (base 3) to base 10
632
What is 331436 (base 7) in base 9?
87735
What is -110001010101 (base 2) in base 14?
-1217
What is b (base 16) in base 14?
b
What is 110320022 (base 4) in base 15?
1a50e
-101230 (base 4) to base 13
-691
-1380 (base 11) to base 7
-5124
-10100221 (base 3) to base 7
-10105
Convert -3338 (base 14) to base 16.
-22a6
Convert 222043 (base 5) to base 3.
101122220
What is 8528 (base 13) in base 14?
6a23
Convert -41223 (base 5) to base 9.
-3616
Convert -213 (base 14) to base 2.
-110011001
What is 100010101011010 (base 2) in base 6?
214110
What is 12384 (base 10) in base 13?
5838
-1010100100111 (base 2) to base 7
-21534
What is -267 (base 12) in base 11?
-304
What is 100111 (base 2) in base 5?
124
What is 7008 (base 9) in base 15?
17ab
Convert -110001001 (base 2) to base 15.
-1b3
Convert -4972 (base 13) to base 4.
-2202202
Convert -1568 (base 9) to base 7.
-3326
What is -22003 (base 5) in base 15?
-6a3
Convert 9a0 (base 15) to base 14.
b15
What is 10122231 (base 4) in base 15?
5563
Convert 11211200 (base 3) to base 12.
2060
-84514 (base 9) to base 5
-3241242
Convert -152 (base 11) to base 13.
-109
Convert 202542 (base 6) to base 9.
24178
Convert 181a (base 12) to base 5.
43102
4109 (base 12) to base 4
1232121
-683 (base 10) to base 8
-1253
What is -131020 (base 4) in base 3?
-2120001
51b (base 15) to base 4
101333
What is -88d3 (base 14) in base 9?
-35458
-37182 (base 9) to base 2
-110000101101101
Convert 740 (base 12) to base 5.
13211
Convert -1100000010 (base 2) to base 16.
-302
13230 (base 10) to base 13
6039
Convert -7271 (base 10) to base 6.
-53355
What is 3cda (base 16) in base 9?
23328
1074 (base 9) to base 15
381
583 (base 13) to base 14
4c0
What is 11245 (base 6) in base 14?
833
4479 (base 11) to base 16
1706
Convert -2001212 (base 3) to base 16.
-5e4
Convert -6236 (base 8) to base 16.
-c9e
What is 870 (base 16) in base 2?
100001110000
What is 185a (base 11) in base 4?
210330
What is 133423 (base 6) in base 13?
58a4
Convert 102 (base 16) to base 8.
402
What is -6d (base 14) in base 9?
-117
What is -7248 (base 9) in base 13?
-2555
-12a2 (base 14) to base 13
-1652
Convert 20302 (base 5) to base 6.
10051
What is -6460 (ba